{"id":6707,"date":"2022-10-25T00:00:00","date_gmt":"2022-10-24T22:00:00","guid":{"rendered":"https:\/\/mobycon-en.local\/personeel\/robin-van-der-griend\/"},"modified":"2025-12-03T08:01:57","modified_gmt":"2025-12-03T07:01:57","slug":"robin-van-der-griend","status":"publish","type":"personeel","link":"https:\/\/mobycon.com\/de\/personeel\/robin-van-der-griend\/","title":{"rendered":"Robin van der Griend"},"content":{"rendered":"\n<p>&#8222;Ich interessiere mich leidenschaftlich f\u00fcr Mobilit\u00e4t, vor allem im st\u00e4dtischen Kontext. Es ist eine spannende Herausforderung, zu lebenswerteren Orten beizutragen, indem man Stra\u00dfen entwirft, die f\u00fcr die Menschen funktionieren, unabh\u00e4ngig davon, ob sie verweilen oder weitergehen. Mit meiner Erfahrung aus den Niederlanden und den nordischen L\u00e4ndern unterst\u00fctze ich St\u00e4dte gerne dabei, nachhaltiger zu werden, vor allem, indem ich den Menschen bessere M\u00f6glichkeiten biete, zu Fu\u00df zu gehen oder mit dem Fahrrad zu fahren.&#8220;<\/p>\n","protected":false},"featured_media":11790,"menu_order":0,"template":"","class_list":["post-6707","personeel","type-personeel","status-publish","has-post-thumbnail","hentry"],"acf":[],"yoast_head":"<!-- This site is optimized with the Yoast SEO plugin v27.1.1 - https:\/\/yoast.com\/product\/yoast-seo-wordpress\/ -->\n<title>Robin van der Griend - Mobycon<\/title>\n<meta name=\"robots\" content=\"noindex, follow\" \/>\n<meta property=\"og:locale\" content=\"de_DE\" \/>\n<meta property=\"og:type\" content=\"article\" \/>\n<meta property=\"og:title\" content=\"Robin van der Griend - Mobycon\" \/>\n<meta property=\"og:description\" content=\"&#8222;Ich interessiere mich leidenschaftlich f\u00fcr Mobilit\u00e4t, vor allem im st\u00e4dtischen Kontext. Es ist eine spannende Herausforderung, zu lebenswerteren Orten beizutragen, indem man Stra\u00dfen entwirft, die f\u00fcr die Menschen funktionieren, unabh\u00e4ngig davon, ob sie verweilen oder weitergehen. Mit meiner Erfahrung aus den Niederlanden und den nordischen L\u00e4ndern unterst\u00fctze ich St\u00e4dte gerne dabei, nachhaltiger zu werden, vor [&hellip;]\" \/>\n<meta property=\"og:url\" content=\"https:\/\/mobycon.com\/de\/personeel\/robin-van-der-griend\/\" \/>\n<meta property=\"og:site_name\" content=\"Mobycon\" \/>\n<meta property=\"article:modified_time\" content=\"2025-12-03T07:01:57+00:00\" \/>\n<meta property=\"og:image\" content=\"https:\/\/mobycon.com\/wp-content\/uploads\/2023\/12\/Robin-van-der-Griend.png\" \/>\n\t<meta property=\"og:image:width\" content=\"1900\" \/>\n\t<meta property=\"og:image:height\" content=\"1900\" \/>\n\t<meta property=\"og:image:type\" content=\"image\/png\" \/>\n<meta name=\"twitter:card\" content=\"summary_large_image\" \/>\n<script type=\"application\/ld+json\" class=\"yoast-schema-graph\">{\"@context\":\"https:\/\/schema.org\",\"@graph\":[{\"@type\":\"WebPage\",\"@id\":\"https:\/\/mobycon.com\/de\/personeel\/robin-van-der-griend\/\",\"url\":\"https:\/\/mobycon.com\/de\/personeel\/robin-van-der-griend\/\",\"name\":\"Robin van der Griend - Mobycon\",\"isPartOf\":{\"@id\":\"https:\/\/mobycon.com\/de\/#website\"},\"primaryImageOfPage\":{\"@id\":\"https:\/\/mobycon.com\/de\/personeel\/robin-van-der-griend\/#primaryimage\"},\"image\":{\"@id\":\"https:\/\/mobycon.com\/de\/personeel\/robin-van-der-griend\/#primaryimage\"},\"thumbnailUrl\":\"https:\/\/mobycon.com\/wp-content\/uploads\/2022\/10\/Robin-van-der-Griend.jpg\",\"datePublished\":\"2022-10-24T22:00:00+00:00\",\"dateModified\":\"2025-12-03T07:01:57+00:00\",\"breadcrumb\":{\"@id\":\"https:\/\/mobycon.com\/de\/personeel\/robin-van-der-griend\/#breadcrumb\"},\"inLanguage\":\"de\",\"potentialAction\":[{\"@type\":\"ReadAction\",\"target\":[\"https:\/\/mobycon.com\/de\/personeel\/robin-van-der-griend\/\"]}]},{\"@type\":\"ImageObject\",\"inLanguage\":\"de\",\"@id\":\"https:\/\/mobycon.com\/de\/personeel\/robin-van-der-griend\/#primaryimage\",\"url\":\"https:\/\/mobycon.com\/wp-content\/uploads\/2022\/10\/Robin-van-der-Griend.jpg\",\"contentUrl\":\"https:\/\/mobycon.com\/wp-content\/uploads\/2022\/10\/Robin-van-der-Griend.jpg\",\"width\":1900,\"height\":1900,\"caption\":\"Robin van der Griend\"},{\"@type\":\"BreadcrumbList\",\"@id\":\"https:\/\/mobycon.com\/de\/personeel\/robin-van-der-griend\/#breadcrumb\",\"itemListElement\":[{\"@type\":\"ListItem\",\"position\":1,\"name\":\"Home\",\"item\":\"https:\/\/mobycon.com\/de\/\"},{\"@type\":\"ListItem\",\"position\":2,\"name\":\"Robin van der Griend\"}]},{\"@type\":\"WebSite\",\"@id\":\"https:\/\/mobycon.com\/de\/#website\",\"url\":\"https:\/\/mobycon.com\/de\/\",\"name\":\"Mobycon\",\"description\":\"Mobility Happiness\",\"potentialAction\":[{\"@type\":\"SearchAction\",\"target\":{\"@type\":\"EntryPoint\",\"urlTemplate\":\"https:\/\/mobycon.com\/de\/?s={search_term_string}\"},\"query-input\":{\"@type\":\"PropertyValueSpecification\",\"valueRequired\":true,\"valueName\":\"search_term_string\"}}],\"inLanguage\":\"de\"}]}<\/script>\n<!-- \/ Yoast SEO plugin. -->","yoast_head_json":{"title":"Robin van der Griend - Mobycon","robots":{"index":"noindex","follow":"follow"},"og_locale":"de_DE","og_type":"article","og_title":"Robin van der Griend - Mobycon","og_description":"&#8222;Ich interessiere mich leidenschaftlich f\u00fcr Mobilit\u00e4t, vor allem im st\u00e4dtischen Kontext. Es ist eine spannende Herausforderung, zu lebenswerteren Orten beizutragen, indem man Stra\u00dfen entwirft, die f\u00fcr die Menschen funktionieren, unabh\u00e4ngig davon, ob sie verweilen oder weitergehen. Mit meiner Erfahrung aus den Niederlanden und den nordischen L\u00e4ndern unterst\u00fctze ich St\u00e4dte gerne dabei, nachhaltiger zu werden, vor [&hellip;]","og_url":"https:\/\/mobycon.com\/de\/personeel\/robin-van-der-griend\/","og_site_name":"Mobycon","article_modified_time":"2025-12-03T07:01:57+00:00","og_image":[{"width":1900,"height":1900,"url":"https:\/\/mobycon.com\/wp-content\/uploads\/2023\/12\/Robin-van-der-Griend.png","type":"image\/png"}],"twitter_card":"summary_large_image","schema":{"@context":"https:\/\/schema.org","@graph":[{"@type":"WebPage","@id":"https:\/\/mobycon.com\/de\/personeel\/robin-van-der-griend\/","url":"https:\/\/mobycon.com\/de\/personeel\/robin-van-der-griend\/","name":"Robin van der Griend - Mobycon","isPartOf":{"@id":"https:\/\/mobycon.com\/de\/#website"},"primaryImageOfPage":{"@id":"https:\/\/mobycon.com\/de\/personeel\/robin-van-der-griend\/#primaryimage"},"image":{"@id":"https:\/\/mobycon.com\/de\/personeel\/robin-van-der-griend\/#primaryimage"},"thumbnailUrl":"https:\/\/mobycon.com\/wp-content\/uploads\/2022\/10\/Robin-van-der-Griend.jpg","datePublished":"2022-10-24T22:00:00+00:00","dateModified":"2025-12-03T07:01:57+00:00","breadcrumb":{"@id":"https:\/\/mobycon.com\/de\/personeel\/robin-van-der-griend\/#breadcrumb"},"inLanguage":"de","potentialAction":[{"@type":"ReadAction","target":["https:\/\/mobycon.com\/de\/personeel\/robin-van-der-griend\/"]}]},{"@type":"ImageObject","inLanguage":"de","@id":"https:\/\/mobycon.com\/de\/personeel\/robin-van-der-griend\/#primaryimage","url":"https:\/\/mobycon.com\/wp-content\/uploads\/2022\/10\/Robin-van-der-Griend.jpg","contentUrl":"https:\/\/mobycon.com\/wp-content\/uploads\/2022\/10\/Robin-van-der-Griend.jpg","width":1900,"height":1900,"caption":"Robin van der Griend"},{"@type":"BreadcrumbList","@id":"https:\/\/mobycon.com\/de\/personeel\/robin-van-der-griend\/#breadcrumb","itemListElement":[{"@type":"ListItem","position":1,"name":"Home","item":"https:\/\/mobycon.com\/de\/"},{"@type":"ListItem","position":2,"name":"Robin van der Griend"}]},{"@type":"WebSite","@id":"https:\/\/mobycon.com\/de\/#website","url":"https:\/\/mobycon.com\/de\/","name":"Mobycon","description":"Mobility Happiness","potentialAction":[{"@type":"SearchAction","target":{"@type":"EntryPoint","urlTemplate":"https:\/\/mobycon.com\/de\/?s={search_term_string}"},"query-input":{"@type":"PropertyValueSpecification","valueRequired":true,"valueName":"search_term_string"}}],"inLanguage":"de"}]}},"_links":{"self":[{"href":"https:\/\/mobycon.com\/de\/wp-json\/wp\/v2\/personeel\/6707","targetHints":{"allow":["GET"]}}],"collection":[{"href":"https:\/\/mobycon.com\/de\/wp-json\/wp\/v2\/personeel"}],"about":[{"href":"https:\/\/mobycon.com\/de\/wp-json\/wp\/v2\/types\/personeel"}],"wp:featuredmedia":[{"embeddable":true,"href":"https:\/\/mobycon.com\/de\/wp-json\/wp\/v2\/media\/11790"}],"wp:attachment":[{"href":"https:\/\/mobycon.com\/de\/wp-json\/wp\/v2\/media?parent=6707"}],"curies":[{"name":"wp","href":"https:\/\/api.w.org\/{rel}","templated":true}]}}

<p>&#8222;Ich interessiere mich leidenschaftlich für Mobilität, vor allem im städtischen Kontext. Es ist eine spannende Herausforderung, zu lebenswerteren Orten beizutragen, indem man Straßen entwirft, die für die Menschen funktionieren, unabhängig davon, ob sie verweilen oder weitergehen. Mit meiner Erfahrung aus den Niederlanden und den nordischen Ländern unterstütze ich Städte gerne dabei, nachhaltiger zu werden, vor allem, indem ich den Menschen bessere Möglichkeiten biete, zu Fuß zu gehen oder mit dem Fahrrad zu fahren.&#8220;</p>

<!-- This site is optimized with the Yoast SEO plugin v27.1.1 - https://yoast.com/product/yoast-seo-wordpress/ -->
<title>Robin van der Griend - Mobycon</title>
<meta name="robots" content="noindex, follow" />
<meta property="og:locale" content="de_DE" />
<meta property="og:type" content="article" />
<meta property="og:title" content="Robin van der Griend - Mobycon" />
<meta property="og:description" content="&#8222;Ich interessiere mich leidenschaftlich für Mobilität, vor allem im städtischen Kontext. Es ist eine spannende Herausforderung, zu lebenswerteren Orten beizutragen, indem man Straßen entwirft, die für die Menschen funktionieren, unabhängig davon, ob sie verweilen oder weitergehen. Mit meiner Erfahrung aus den Niederlanden und den nordischen Ländern unterstütze ich Städte gerne dabei, nachhaltiger zu werden, vor [&hellip;]" />
<meta property="og:url" content="https://mobycon.com/de/personeel/robin-van-der-griend/" />
<meta property="og:site_name" content="Mobycon" />
<meta property="article:modified_time" content="2025-12-03T07:01:57+00:00" />
<meta property="og:image" content="https://mobycon.com/wp-content/uploads/2023/12/Robin-van-der-Griend.png" />
	<meta property="og:image:width" content="1900" />
	<meta property="og:image:height" content="1900" />
	<meta property="og:image:type" content="image/png" />
<meta name="twitter:card" content="summary_large_image" />
<script type="application/ld+json" class="yoast-schema-graph">{"@context":"https://schema.org","@graph":[{"@type":"WebPage","@id":"https://mobycon.com/de/personeel/robin-van-der-griend/","url":"https://mobycon.com/de/personeel/robin-van-der-griend/","name":"Robin van der Griend - Mobycon","isPartOf":{"@id":"https://mobycon.com/de/#website"},"primaryImageOfPage":{"@id":"https://mobycon.com/de/personeel/robin-van-der-griend/#primaryimage"},"image":{"@id":"https://mobycon.com/de/personeel/robin-van-der-griend/#primaryimage"},"thumbnailUrl":"https://mobycon.com/wp-content/uploads/2022/10/Robin-van-der-Griend.jpg","datePublished":"2022-10-24T22:00:00+00:00","dateModified":"2025-12-03T07:01:57+00:00","breadcrumb":{"@id":"https://mobycon.com/de/personeel/robin-van-der-griend/#breadcrumb"},"inLanguage":"de","potentialAction":[{"@type":"ReadAction","target":["https://mobycon.com/de/personeel/robin-van-der-griend/"]}]},{"@type":"ImageObject","inLanguage":"de","@id":"https://mobycon.com/de/personeel/robin-van-der-griend/#primaryimage","url":"https://mobycon.com/wp-content/uploads/2022/10/Robin-van-der-Griend.jpg","contentUrl":"https://mobycon.com/wp-content/uploads/2022/10/Robin-van-der-Griend.jpg","width":1900,"height":1900,"caption":"Robin van der Griend"},{"@type":"BreadcrumbList","@id":"https://mobycon.com/de/personeel/robin-van-der-griend/#breadcrumb","itemListElement":[{"@type":"ListItem","position":1,"name":"Home","item":"https://mobycon.com/de/"},{"@type":"ListItem","position":2,"name":"Robin van der Griend"}]},{"@type":"WebSite","@id":"https://mobycon.com/de/#website","url":"https://mobycon.com/de/","name":"Mobycon","description":"Mobility Happiness","potentialAction":[{"@type":"SearchAction","target":{"@type":"EntryPoint","urlTemplate":"https://mobycon.com/de/?s={search_term_string}"},"query-input":{"@type":"PropertyValueSpecification","valueRequired":true,"valueName":"search_term_string"}}],"inLanguage":"de"}]}</script>
<!-- / Yoast SEO plugin. -->

&#8222;Ich interessiere mich leidenschaftlich für Mobilität, vor allem im städtischen Kontext. Es ist eine spannende Herausforderung, zu lebenswerteren Orten beizutragen, indem man Straßen entwirft, die für die Menschen funktionieren, unabhängig davon, ob sie verweilen oder weitergehen. Mit meiner Erfahrung aus den Niederlanden und den nordischen Ländern unterstütze ich Städte gerne dabei, nachhaltiger zu werden, vor [&hellip;]
